5*x + m, -4*x - m + 26 = 4. Suppose -4*p - 645 = -3*w - x*p, p = 5*w - 1062. What is the tens digit of w?
1
Let x = -17 + 19. Suppose o + 3 = x*o. Suppose 4*g + o*p - 5*p = 172, -4*p = 16. What is the tens digit of g?
4
Let u = 70 - 65. Suppose u*c = 6*c - 65. What is the tens digit of c?
6
Let v = -874 + 1903. What is the thousands digit of v?
1
Let d(c) = 5*c**2 + 2*c - 7. Let w = -28 - -49. Let t be (-6)/(-21) - (-57)/w. What is the tens digit of d(t)?
4
Let k = 784 - 214. Suppose -k = -5*n - 5*o, 7*o = -n + 2*o + 110. What is the units digit of n?
5
Suppose -5*a - 39 = -9. Let m = -2 - a. What is the units digit of m?
4
Suppose -6*x - 36900 = -56*x. What is the units digit of x?
8
Let w = 2472 - -742. What is the units digit of w?
4
Let v(w) = 10*w**2 - 25*w + 79. What is the hundreds digit of v(9)?
6
Suppose -h + 18 = 2*h. Suppose -h*z + z = 0. Suppose -f + 16 = 2*p - 0*f, -5*f + 10 = z. What is the units digit of p?
7
Let s(u) = -3*u + 1 + 5*u + 2*u**3 - u**3 + 3*u + 7*u**2. Suppose 40 = 2*b - 6*b - 5*i, -9 = 5*b - 4*i. What is the tens digit of s(b)?
2
Let c = -11 - -19. Suppose c*p - 2*p = 366. What is the units digit of p?
1
Let s(h) be the second derivative of -h**3/6 + 7*h**2 + 6*h. Let i be s(9). Suppose -2*o + o = -2*f - 32, 2*o - i*f - 68 = 0. What is the tens digit of o?
2
Let b = -442 + 775. What is the hundreds digit of b?
3
Suppose 0 = -3*t + 8 + 4. Let d be ((-8)/t - -3)*2. Suppose -3*v + 80 = z, d*z - 1 = -3. What is the units digit of v?
7
Let x(s) = s**3 - 2*s**2 - s + 32. Let f be x(0). Suppose 164 = f*r - 28*r. What is the units digit of r?
1
Let o be 1 + (-54)/(-7) + 100/350. Suppose 1543 + 257 = o*r. What is the tens digit of r?
0
Let q(z) = 32*z - 94. What is the hundreds digit of q(8)?
1
Let o(b) = 3 + 2*b - 15*b + 0*b**2 + b**2 - 8. Let i be o(9). Let f = -29 - i. What is the tens digit of f?
1
Let t(x) = -68*x + 51. What is the tens digit of t(-3)?
5
Let s = 55 + 407. What is the tens digit of s?
6
Let t = 1300 + -813. What is the units digit of t?
7
Let h = 9 - 4. Suppose h*w - w = 36. What is the tens digit of 213/w - (-5)/15?
2
Let f(k) = -103*k - 317. What is the units digit of f(-11)?
6
Suppose a + 4 = -3*a. Let b(q) = -q**2 + q + 11. Let i be b(4). What is the tens digit of i*(0 - (a + 28))?
2
Let n(u) = -2*u + 2. Let w = 9 + -5. Suppose 3*o + o + w*k = -48, -3*o = 5*k + 42. What is the units digit of n(o)?
0
Suppose 37 = 3*t - 17. Let n = 58 - t. What is the units digit of n?
0
Suppose -265 = 10*u - 11*u. What is the tens digit of u?
6
Let j = -78 + 80. Suppose 23 = d - p, -j*d - p - p = -26. What is the units digit of d?
8
Suppose 44 = -4*b + 2*a, -11 - 9 = -5*a. Let u = 3 + b. What is the units digit of (u/(-4))/((-5)/(-10))?
3
Suppose -2*a + 1518 = v, -3*a = 3*v - 1628 - 655. What is the tens digit of a?
5
Let s be (-8)/(-18) - (-66)/(-27). What is the tens digit of (5 + (-33)/s)*6?
2
Let p be 3 - (-152)/(-6)*(-8 + 5). Let j = p - 16. What is the tens digit of j?
6
Let c(k) = k**3 - 8*k**2 - 12*k - 2. Let o = -36 + 39. Let q be 1*(o + 27)/3. What is the units digit of c(q)?
8
Let d be (0*3/(-9))/1. Suppose -c + 3 = -d. Suppose 3*p = -c + 9. What is the units digit of p?
2
Suppose d + 4 = -b, 5*d + 16 = -b - 0. Let o(j) = 17*j**2 + 3*j**2 - 10 + 9 + 0. What is the units digit of o(b)?
9
Let c = 16 + -15. Let f(u) = -3*u - 1. Let g be f(c). What is the units digit of 12/g - 2*-2?
1
Let w(d) = -12*d**2 - 3*d - 2. Let l be w(-1). Let h be (3 - 3) + l + 2. Let a(t) = -t**2 - 14*t - 4. What is the units digit of a(h)?
1
Let x = -3 - 2. Let h be (0 - 0)*x/10. Suppose -3*i = -h*i - 99. What is the units digit of i?
3
Suppose -2*w = w - 444. Suppose -5*z + 3*j = -275, 4*z + 2*j - w = 72. What is the tens digit of z?
5
Suppose x = 3*x. Suppose 3*f = n - 20, 0 = -x*n + n + 4. Let h(p) = -p**3 - 8*p**2 - 4*p - 5. What is the units digit of h(f)?
7
Let w be 3/(1*(2 - 1)) + 9. What is the units digit of ((-105)/w)/((-78)/(-40) + -2)?
5
Suppose 2*p = -15*k + 12*k + 5408, 0 = -3*k + 3*p + 5433. What is the units digit of k?
6
Let t = -13 - -2. Let y be -15*(3/10)/(33/66). Let f = y - t. What is the units digit of f?
2
Let a be (6 - 1) + (2 - 2). Let h = 1348 + -1346. Suppose -h*b + a*b = 12. What is the units digit of b?
4
Suppose s - 3 = 579. What is the units digit of s?
2
Suppose 0*s = -3*s + 3*d + 3777, s - 1265 = 3*d. What is the thousands digit of s?
1
Let c(d) = 5*d**3 + d**2 - d. Let n be c(1). Suppose 0 = n*g - 7*g + 28. What is the units digit of g?
4
Suppose 0 = 3*l - 2*l - 3, 0 = -3*t + 4*l + 3093. What is the thousands digit of t?
1
Let g be 103 + 2 - (3 - 2). Let a = g + -45. Suppose 0 = 4*x - a - 9. What is the tens digit of x?
1
Let t be (1 + -33)*(-22 + 21). Suppose m - 210 = d, -2*m - t = -5*d - 443. What is the units digit of m?
3
Suppose 16 = 6*k - 62. Let u = 48 + k. What is the units digit of u?
1
Let p = 294 - 59. What is the tens digit of p?
3
Let m = 4991 - 922. What is the tens digit of m?
6
Let d = 13 + -17. What is the units digit of 9580/140 + d/(-7)?
9
Let y = 78 - 60. What is the tens digit of (5 - 78/y) + 127/3?
4
Suppose -4*l + 13263 = -5*f, -5*l - 3*f - 1289 + 17914 = 0. What is the units digit of l?
2
Let b = -17 + 22. Suppose 4*p + b*q = 132, 0 = -3*p - q + 5*q + 99. What is the units digit of p?
3
What is the tens digit of (-18)/((-12)/2) + 339?
4
Suppose -5*k = -10*k - 440. What is the tens digit of k/(-6)*(-225)/(-50)?
6
Suppose 2*d - c - 3*c = 392, d - 5*c - 193 = 0. Suppose 4*a - 126 = d. What is the tens digit of a?
8
Suppose -k - 4*k - 4 = q, -2*q = 5*k + 3. What is the units digit of q/(-4) - (5 - 711/12)?
4
Suppose -6*r - 1438 = -4336. What is the hundreds digit of r?
4
Suppose 0 = -5*u + 1781 - 231. Let j = -86 + u. Suppose 0*h = -4*h + 2*r + j, -3*h + 168 = 3*r. What is the tens digit of h?
5
Let k(n) = -n**3 + n. Let u be k(1). Suppose u = -w + 422 - 111. What is the hundreds digit of w?
3
Suppose -732 = -6*u + 456. What is the tens digit of u?
9
What is the units digit of (-48)/(-40)*233 - (-10)/25?
0
Suppose -5*t = -t + 2*b - 800, t = -5*b + 218. Suppose t = -3*w - 2*k, -77 = 4*w - 5*k + 187. Let a = w + 94. What is the units digit of a?
8
Let u(g) = g**2 - 6*g + 6. Suppose -18*j + 14*j = 24. Let k be (-194)/(-22) - j/33. What is the tens digit of u(k)?
3
Suppose -4*f = 33 + 31. Let i be ((-8)/10)/(f/40). What is the units digit of 25/i - (-4)/8?
3
Let w(p) be the first derivative of p**4/4 + 7*p**3/3 + 2*p**2 + 2*p - 5. Let k be w(-6). What is the units digit of k/4 + 1/(-2)?
3
Let m = -109 + 65. Let f = m - -74. What is the units digit of f?
0
Let i = -136 + 380. What is the units digit of i?
4
Let o be (-50)/(-18) + (-10)/(-45). Let m be 6/2 + (-24)/8. Suppose 0 = -3*f + 2*r - 3*r + 76, m = -o*f - 4*r + 88. What is the tens digit of f?
2
Let b(f) = 3*f + 12. Let h be b(-4). Suppose 5*w + w - 156 = h. What is the tens digit of w?
2
Suppose -4*i = -z + 39, 0*z = 3*z - 3*i - 81. Let s = -40 + z. What is the tens digit of 5*-3*s/15?
1
Suppose -f = 4*f. Suppose -74 = -5*u + 3*u. Suppose 5*j + 12 - u = f. What is the units digit of j?
5
Suppose 2*r + 292 = 2*u, 0 = -0*u + 5*u + 2*r - 758. What is the tens digit of 737/15 - 20/u?
4
Suppose -2*h = 84 - 970. What is the hundreds digit of h?
4
What is the units digit of (2*(-4 + 3))/((-14)/2758)?
4
Let b be 73 + -1 + 4 + -6. Suppose 2*f = f + b. Suppose 4*u = 222 - f. What is the units digit of u?
8
Suppose 2*u = -0*u - 4*o + 1236, -o - 2454 = -4*u. What is the tens digit of u?
1
Let o(w) be the second derivative of -31*w**3/6 + w**2/2 - 7*w. Let i be o(-3). Suppose -2*g + 44 = -i. What is the units digit of g?
9
Suppose -g + 6*g = 5*d - 2250, 5*g = d - 446. Let l = 652 - d. What is the units digit of l?
1
What is the units digit of 16/12*256050/60?
0
Let u = -4 - -2. Suppose -4*r + 3*g + 41 = 200, -20 = -4*g. What is the units digit of r*(u - (-6)/4)?
8
Let g be ((-9)/12)/((-9)/24). Suppose g*f - l = 4, -f + 8*l - 3 = 5*l. Suppose -f*r + 4*c + 50 = 0, -2*c - 22 = -r + 2*c. What is the tens digit of r?
1
Let w be 1 - -3*(-1 - (-5 + 3)). Suppose -w*h - o - 4*o + 171 = 0, -181 = -4*h - 3*o. What is the tens digit of h?
4
Let k(z) = 95*z**2 + 8*z. What is the tens digit of k(3)?
7
Suppose -10*r + 1038 = 258. Let t = r - 38. W